
Let f = 9 + 29. Let b be (6/(-4))/((-15)/440). Suppose 3*s + 5*u = b + 62, u = s - f. What is the tens digit of s?
3
Let k = 241 + -169. Let l be 6/14 - (-4 + (-1468)/(-28)). Let w = k + l. What is the tens digit of w?
2
Suppose -22*j + 27*j - 1070 = 5*m, -4*j + 864 = -2*m. What is the hundreds digit of j?
2
What is the tens digit of (-6 + -7 + -369)*(-2)/2?
8
Suppose 5*g = d + 58, 2*g - 4*d = -g + 45. Let r(o) = -o + 14. What is the units digit of r(g)?
3
Let v(h) = h**3 + 51*h**2 + 53*h - 117. What is the tens digit of v(-49)?
8
Suppose 0 = 5*i - q + 6, 0*i + 10 = -5*i + 5*q. What is the hundreds digit of 333 - -1*(3 - i)?
3
Let z = 3940 - 1547. What is the tens digit of z?
9
Suppose -10 + 31 = -4*l - w, -2*l + 5*w - 27 = 0. Let u be (l/9)/(2/(-12)). What is the tens digit of 14*u*(-4)/(-16)?
1
Let t = 1094 - 570. What is the hundreds digit of t?
5
What is the units digit of (4/5)/((-47)/((-3352980)/24))?
8
Let n be (101 + -2 - 1)*(-9)/(-6). Let f = -53 + n. What is the units digit of f?
4
Let i(x) = -x**3 - x + 2023. Let r be i(0). Suppose -14*c = -1239 - r. What is the hundreds digit of c?
2
Let s(d) = d**2 + 42*d + 292. What is the hundreds digit of s(-57)?
1
Let t be 3*(-88)/165*10/(-8). Let y = 9 - 4. Suppose 2*g + 13 = 3*n, y*n - 28 = -t*g - 1. What is the units digit of n?
5
Suppose 0 = -h + d + 97, -4*h + 484 = h - 4*d. Suppose 4*p - h = -4*o - p, -2*p - 153 = -5*o. Let t = 1 + o. What is the units digit of t?
0
Let g = 35 - 27. Suppose t + 700 = g*t. What is the hundreds digit of t?
1
Let m = -59 + 71. Suppose -m*f = -7*f - 395. What is the tens digit of f?
7
What is the hundreds digit of 55818/99 + 10/55?
5
Suppose -a - 29 - 10 = 2*g, -g + 3*a = 23. Let y(x) = x**2 + 8*x - 21. What is the tens digit of y(g)?
1
Suppose -4*n - 111 = -831. Let p be n/27 - (-2)/(-3). Suppose 0 = y + 4*w - 3, -p*w + 8 = y - 3*w. What is the units digit of y?
3
Let x = 344 + -170. What is the units digit of x?
4
Let z(c) be the first derivative of -5*c**2/2 + 19*c - 20. What is the units digit of z(-7)?
4
Let c = 456 + 212. What is the units digit of c?
8
Suppose j - 12 = -j + 3*a, -2*j - 3*a = 0. Suppose -9 = -5*t - 4*g - 2, -j*t - 4*g + 9 = 0. What is the units digit of 3*t - 104/(-2)?
9
Let l(y) = 5 - 5*y**2 - 7*y**2 + 2*y**3 + 5*y**2 + 0. What is the tens digit of l(6)?
8
Let j(n) = -3*n + 4. Suppose -7*g = -3*g - 44. Suppose -2*c = -4*k - 3*c - g, 25 = 5*c. What is the tens digit of j(k)?
1
Let c(q) = -5*q**2 - 33*q - 7. What is the units digit of c(-6)?
1
Let u(d) = d**3 - 11*d**2 + 14*d. Suppose 7*j - 2*j - 50 = 0. What is the units digit of u(j)?
0
Suppose 12*l - 7*l + 10665 = 5*v, 3*v - 6431 = -5*l. What is the thousands digit of v?
2
Suppose 2*b - 35 = -3*k - 3*b, -5*k + 45 = 5*b. Suppose -50 = -5*f - k*p, -4 = 3*f - 2*p - 39. What is the tens digit of f?
1
Let f = -83 + 5. Let p = -15 + 124. Let i = f + p. What is the units digit of i?
1
Let h(d) = 2*d**2 + d + 3. Let m(c) = 4*c**2 + 2*c + 5. Let s(v) = -5*h(v) + 3*m(v). Let k be s(2). Let o = 26 - k. What is the units digit of o?
6
Let o = 8 + -21. Let p = o - -25. What is the units digit of p?
2
Let x(i) = i**3 - 12*i**2 + 2*i - 8. Let f be x(12). Suppose -3*y - 285 = -4*q - 36, -5*y - 184 = -3*q. Suppose k + f = q. What is the tens digit of k?
4
Let c(i) = -2*i - 14. Let o be c(8). Let d be ((-10)/(-15))/((-4)/o). Suppose -d*k - k = -270. What is the tens digit of k?
4
Let i = 113 + -211. Let p = -70 - i. What is the tens digit of p?
2
Let y = -116 + 459. What is the hundreds digit of y?
3
Let c = 0 + 2. Suppose 7*s = -0 + 84. Suppose j + s = c*j. What is the tens digit of j?
1
Let f(o) = -o - 9. Let y be f(-9). Suppose -l + 14 = -0*t + 4*t, y = -t + l + 6. What is the units digit of t?
4
Let q(l) = 10*l**3 + 106*l**2 - 11*l + 13. What is the units digit of q(-10)?
3
Suppose q + 28 + 5 = 0. Let t be 1*-1 - 742/14. Let f = q - t. What is the tens digit of f?
2
Suppose 3*c = 2 + 10. Let w be c - (0 + -1 - 64). Let h = w - 40. What is the tens digit of h?
2
Suppose -5188 = 161*a - 165*a. What is the units digit of a?
7
Let j be 23/3 + (-2)/3. Suppose 0 = u - 5*o + 17, -3*u - 3*o = -j*u. Suppose -u*m = -k - 2*m + 24, k - 4*m - 15 = 0. What is the units digit of k?
7
Let h(o) = 11*o**2 - 7*o + 3. Let f be h(3). Let g = -13 + f. What is the tens digit of g?
6
Let w be 1/(4/2)*-4. What is the units digit of (-386)/(-5) + w/10?
7
Let c(p) = 1025*p - 92. What is the units digit of c(4)?
8
Let y(f) = -f - 7. Let c be y(-6). Let h be (c - 0)/((-4)/4). Let l = 3 - h. What is the units digit of l?
2
Suppose 7637 = 8*g + 1229. What is the tens digit of g?
0
Let l = 35 + -25. Let z(y) = -y**2 + 8*y + 24. What is the units digit of z(l)?
4
Let i be (4 - 2)/(2/81). Let m be 2/(-8) + i/4. What is the units digit of 2/(42/m - 2)?
0
Let o = 39 - -84. Suppose -615 = -5*y - n + 6*n, -y + o = -2*n. Suppose y = 4*r - 21. What is the tens digit of r?
3
Let h = -10 + 19. Let c be h/(-12) + 15/20. Suppose 5*k + 5*l - 140 = c, -4*k + 96 = 5*l - 12. What is the tens digit of k?
3
Let m(u) = 505*u + 406. What is the hundreds digit of m(7)?
9
Suppose -56*c + 6420 = -36*c. What is the hundreds digit of c?
3
Suppose -12303 = 32*m - 41*m. What is the units digit of m?
7
Let d be 39/9 - 2/6. Suppose -4*c - d*y + 142 = -5*y, 2*c + 5*y - 60 = 0. Let t = 51 - c. What is the tens digit of t?
1
Let p(x) = -x**3 + 9*x**2 + 7*x - 18. Let u = -40 - -47. What is the units digit of p(u)?
9
Let h = -178 + 186. What is the units digit of h?
8
Let w be (-2)/(-7) + (-528)/(-112). Suppose -5*t = -w*y - 1060, -8*y + 642 = 3*t - 13*y. What is the hundreds digit of t?
2
Let b(t) = -3*t - 24. Let u be b(-10). Suppose u*h + 296 = 8*h. What is the hundreds digit of h?
1
Suppose -84 - 86 = 5*u. Suppose -4*z = 5*a - 5, 6*a - 22 = -2*z + 10*a. Let h = z - u. What is the units digit of h?
9
Suppose -5*k - s = -14763, -3072 = -k - 3*s - 125. What is the thousands digit of k?
2
Suppose 3*a = 33 - 21, -2*p + 5*a + 3844 = 0. What is the units digit of p?
2
Let d(t) = -5*t + 152 - 2*t**2 - 79 - 307*t**3 - 75. What is the tens digit of d(-1)?
0
Let n = -16 - -16. Suppose 5*u - 4*l + 17 - 75 = n, -2*l = 2*u - 16. What is the tens digit of u?
1
Suppose 0*o + 2*o - 16 = 0. Suppose -4*j + 100 = j. Suppose -o = -4*l + j. What is the units digit of l?
7
Let l = 7 - -23. Let m(g) = g**3 + 6*g**2 + 4*g - 5. Let x be m(-5). Suppose x*j = -2*j + l. What is the tens digit of j?
1
Suppose -36 = 5*a - 3*a. Let r be (-87)/a - (-1)/6. Suppose -4*b - 27 + 115 = 4*y, -r*y = -5*b - 120. What is the units digit of y?
3
What is the units digit of 70/(435/(-116) - (-5 - -1))?
0
Let m = 8020 - 3271. What is the units digit of m?
9
Suppose b - 295 = -3*n, 257 = 4*n + 4*b - 139. What is the units digit of n?
8
What is the hundreds digit of 12/4*(-3104)/(-3)?
1
Let c(n) = -n**2 + 4*n. Let f be c(4). Suppose 4*p + f*a = a - 77, 2*a = 5*p + 94. What is the units digit of 2/(-7)*(p - -6)?
4
Let v(f) = -4*f**3 + 9*f**2 + 9*f + 1. Let b(g) = 11*g**3 - 27*g**2 - 28*g - 4. Let p(q) = -3*b(q) - 8*v(q). What is the units digit of p(10)?
4
Suppose -289 = 5*d - 1179. What is the units digit of d?
8
Suppose 8*h - 50 = 3*h. Suppose -4*i - 5 = -v + h, 14 = v - 3*i. What is the tens digit of v?
1
Suppose 0 = -5*w - 22*w + 110322. What is the hundreds digit of w?
0
Suppose 8*u = 3*u + 2*d + 230, u - 5*d = 69. What is the hundreds digit of (-6)/(-4) + 11462/u?
2
Let o(y) = 41*y**2 - 29*y + 210. What is the thousands digit of o(7)?
2
Let g(b) = b**2 - 25*b + 6. Let x be g(22). Let m = x - -71. What is the units digit of m?
1
Let d be 9/6*4/3. Suppose 6 = d*j - 0, 5*b + 2*j = -59. What is the tens digit of 2 + (3 - 2) - b?
1
Suppose 8*u - 171 = -491. What is the tens digit of 140/u*31*-2 - -4?
2
Let j = 12 - 5. Let b = -1 - j. What is the units digit of b*(10/(-8) + 0)?
0
Let r(q) = -65*q**2 - 9*q. Let y(m) = -33*m**2 - 5*m. Let d(w) = -4*r(w) + 7*y(w). Let i = -7 - -8. What is the tens digit of d(i)?
3
Suppose 5*k - 38 = 37. Suppose -2*h + 7*h = k. What is the units digit of h?
3
Suppose -3*a + 15*a - 3012 = 0. What is the hundreds digit of a?
2
Suppose 273 = -7*x + 20*x. Let d = x + -15. What is the units digit of d?
6
Let z(k) = 4*k**3 + 2*k**2 - 1. Let i be z(-1). Let j be (-6)/i*(0 + -10